+ 422/5. What is the highest common divisor of d and i?
12
Let g = 92 + -60. Calculate the greatest common factor of g and 96.
32
Let f = 10 + -9. Let w be 18/1 + -3 + f. What is the highest common factor of 48 and w?
16
Suppose -2*k + 3 = -1. Suppose -6 = -k*n + 20. Calculate the greatest common divisor of n and 143.
13
Suppose 0 = 4*y - y - 168. Suppose 44 = 4*w + 4*f, 13 = 3*w + 2*f - 4*f. Calculate the highest common divisor of w and y.
7
Suppose -8*r = -3*r - 220. Let d(y) = y**3 + 4*y**2 + 1. Let v be d(-4). Let q be v*11/(-3 - -4). What is the highest common divisor of r and q?
11
Let v be -5*1/(2/(-66)). Calculate the greatest common divisor of 15 and v.
15
Suppose -41 = 4*u - 281. What is the highest common divisor of u and 12?
12
Let o = 1 + -1. Let j be o - 0 - 7/1. Let n = 15 + j. What is the highest common divisor of 64 and n?
8
Let z be (-68)/(3 + -7)*11. Calculate the highest common factor of 17 and z.
17
Let i = -6 - -51. Let n = -21 + 30. Calculate the highest common factor of i and n.
9
Let p be 10*((-6)/4 + -2). Let b = -25 - p. Calculate the greatest common divisor of 5 and b.
5
Suppose 8 = 7*h - 188. What is the highest common divisor of 42 and h?
14
Let g(s) = -s + 7. Let a be g(5). Let j be 6/a + -4 + 2. Calculate the greatest common factor of j and 9.
1
Let w(f) = 57*f**3 - f**2 - f + 1. Let b be w(1). What is the greatest common factor of 8 and b?
8
Suppose 3*w = o - 3, -2*o + 2*w = -3*w - 8. Let z(q) = 37*q - 2. Let d be z(2). What is the greatest common divisor of d and o?
9
Let n(u) = u**2 + 16*u + 22. Let h be n(-15). Let o(g) = -g**2 + 9*g. Let t be o(h). Calculate the highest common divisor of 42 and t.
14
Let r = -28 - -43. Calculate the highest common factor of 10 and r.
5
Suppose -4*q + 2*p = -10, 5*q - 4*p + 3*p - 20 = 0. Suppose -t + 3*n - 13 = -2*t, 2*t - 27 = -q*n. Calculate the highest common divisor of 32 and t.
16
Suppose -2*v + 20 = 5*j, 0 = -v + 5. Suppose -16 = j*x - 3*x. Let t(r) = 4*r**2 + r + 1. Let h be t(3). What is the greatest common divisor of x and h?
8
Let r be (8 - 5)/(6/(-8)). Let c(g) = -2*g**3 - 3*g**2 + g + 1. Let n be c(r). What is the highest common factor of 7 and n?
7
Let y = 5 + -6. Let z be (y/(-2))/(1/16). Calculate the greatest common factor of 2 and z.
2
Let k(l) = 6*l - 3. Let y(a) = -a - 1. Let i(q) = k(q) - 4*y(q). Let f be i(2). Suppose -9 = 6*w - 9*w. Calculate the greatest common divisor of f and w.
3
Suppose 3*r + 9 = 0, -n - 3*r - 2*r - 21 = 0. Let v = n - -8. Suppose -v*h - 3*h = -90. What is the highest common divisor of h and 18?
18
Let l(c) = c - 4. Let q be l(9). Suppose 3*n + 3*f = -12, n - 19 = 5*n + q*f. Let z be (-1 + n)*(-5 + -1). Calculate the highest common factor of z and 132.
12
Let t(x) = -3*x + 2. Let p be t(-12). What is the highest common factor of p and 57?
19
Let r be 612/10 - (-2)/(-10). Let n = -41 + r. Let t be 1 + 5 + -1 - 0. Calculate the highest common factor of t and n.
5
Let y = -81 + 178. Suppose 3*d = -3*c + 13 + 38, 0 = 5*c + 2*d - y. Calculate the greatest common factor of 105 and c.
21
Suppose 10 - 7 = 3*d. Calculate the greatest common divisor of 11 and d.
1
Let m = 13 - 7. What is the highest common divisor of m and 6?
6
Let j = -27 - -37. Let b = 97 - 47. Calculate the highest common divisor of j and b.
10
Suppose -16*u - 355 = -11*u. Let d be (-1 - -1) + 2 - 52. Let t = d - u. What is the highest common factor of t and 42?
21
Suppose -14 = -4*y + 2*o, 5*o - 24 - 13 = -2*y. Let a(z) = 3*z - 9. Let b be a(y). Calculate the highest common factor of b and 27.
9
Let k(g) = 8*g**3 - 1. Let i be k(-1). Let s be 12/((i/2)/(-3)). Suppose -2*h + 3 = -1. What is the greatest common factor of s and h?
2
Suppose 2*a = -3*n - 1, -4*a + 3*n - 7*n = 0. What is the greatest common divisor of 1 and a?
1
Let q = -73 + 74. Calculate the highest common factor of 7 and q.
1
Suppose -54 = -3*p + 2*q - 4*q, -5*q = p - 5. What is the greatest common factor of 8 and p?
4
Let o be 4*-2*2/8. Let l(g) = -2*g**3 + 2*g**2 + 3*g + 1. Let q be l(o). Calculate the greatest common factor of q and 209.
19
Suppose 2*z = -z - 5*b - 8, -z = 2*b + 4. Suppose z*r - s + 2*s = 58, r - 4*s - 23 = 0. Suppose -2*a = a - 315. What is the highest common divisor of r and a?
15
Suppose -2*j - 2*i - 10 = 0, -j - 5 = j + i. Let a = 0 - j. Suppose 4*k - k - 24 = a. Calculate the highest common divisor of 16 and k.
8
Suppose -i = -152 - 37. What is the greatest common divisor of i and 27?
27
Let q be (-2 - (-2)/2) + 31. Let o = 181 - 176. What is the greatest common factor of o and q?
5
Let o(w) = 3*w**2 - 8*w + 2. Let a be o(8). What is the highest common factor of 13 and a?
13
Suppose -i + 8 = -3*w, i = w - 3*w - 2. Suppose 0 = 4*m + 3*k - 207, -2*k + 106 = i*m - 0*m. Calculate the highest common divisor of 12 and m.
12
Let y = 17 - 12. Suppose -2*d - 8 = -3*z, -3*z + 6 - 5 = y*d. Suppose 3*i - 19 = 2*i - 3*m, -4*i = -z*m - 34. What is the greatest common divisor of i and 50?
10
Suppose -2*o = 0, 0 = -3*q - 2*o + o + 36. Calculate the greatest common factor of 96 and q.
12
Suppose -1 = s, -5*s + s = -4*y + 472. Calculate the greatest common factor of y and 9.
9
Let t = -4 + 23. What is the greatest common factor of 133 and t?
19
Suppose 260 = l + 4*l. What is the greatest common factor of l and 13?
13
Let g = -303 + 639. Suppose -3*u + 0*u + g = 0. Let f(w) = 5*w**2 + 4*w + 2. Let l be f(-2). What is the highest common divisor of l and u?
14
Let q be ((-1)/2 - 0)*0. Suppose b = -q + 3, 2*b + 9 = 5*y. Suppose 0 = 2*m - 3*o - 63, 16 + 98 = 4*m - 2*o. What is the highest common divisor of y and m?
3
Let w(u) be the first derivative of 4*u**2 - 9*u + 2. Let o be w(6). Calculate the greatest common factor of 13 and o.
13
Let k be 2 + ((-3)/2)/(9/(-708)). Calculate the greatest common factor of k and 20.
20
Let w be -12*(5/(-2) - 0). Let v = 530 + -200. What is the greatest common factor of w and v?
30
Suppose 3*c = -2*s + 24, -3 - 32 = -3*s - 4*c. What is the highest common factor of 81 and s?
9
Let s be (-12)/(-8) - 1/(-2). Let w(v) = v - 9. Let p be w(8). Let o be (s - p - 2)*1. Calculate the highest common factor of o and 7.
1
Let r be 6/21 + (-288)/(-21). Let i = r + -6. Calculate the greatest common factor of 72 and i.
8
Suppose 0 = -5*w - 5*l, 0 = w - l - 9 - 1. Let d(n) = -w*n + 2*n + 0*n + 1. Let p be d(-1). Calculate the greatest common divisor of 8 and p.
4
Let m(h) = -h**2 - 5*h - 1. Let j be m(-4). Suppose -3*p + 6 = 0, j*p + 27 + 255 = 4*s. Calculate the greatest common factor of s and 24.
24
Let t = -46 + 78. Let i be -1 + (-2318)/(-18) + (-50)/(-225). What is the highest common factor of t and i?
32
Let w be ((-2 - 1) + 2)*(-4 + 2). What is the greatest common factor of 8 and w?
2
Let l be 3/(-9) + 174/9. Calculate the greatest common divisor of 209 and l.
19
Let q be (-126)/(-3)*18*4/42. What is the greatest common factor of 9 and q?
9
Let t be 46/(-14) - (-10)/35. Let i be ((-40)/(-6))/(t/(-54)). Suppose 51 = 3*y - v - 29, 5*v = -5*y + i. What is the greatest common divisor of y and 65?
13
Suppose 0*h + 3*h = 0. Let g be 18/3 + (h - -3). Suppose 4*y + 1 + 0 = d, 4*y + 3*d = 19. Calculate the highest common factor of y and g.
1
Let r(p) = 0*p**2 - 2 + p**2 + p + 1. Let u be r(2). Calculate the greatest common divisor of 45 and u.
5
Let r be 2/(-6)*(-3 + -63). Calculate the greatest common divisor of 11 and r.
11
Let b = -24 - 7. Let o = 51 + b. What is the highest common divisor of o and 10?
10
Let d be -1*3/3 - -49. Calculate the highest common divisor of d and 12.
12
Let r be (-74)/(-4) - 6/(-4). Let d = -8 + r. Calculate the highest common factor of 60 and d.
12
Suppose 2*n = -7 + 15. Let z be 6/(11/n - 2). Suppose 56 = 4*f - z. Calculate the highest common divisor of 112 and f.
16
Suppose 0 = -2*v - 0 + 30. Let m(p) = p**3 + 10*p**2 + 7*p - 3. Let w be m(-9). What is the greatest common divisor of w and v?
15
Let g be (-184)/(-44) - 4/22. Let j be ((-8)/(-10))/(g/120). Calculate the highest common divisor of j and 12.
12
Let b(r) = -r**2 + 7*r + 3. Let s be b(7). Suppose -s*q = 2*x - 64 + 5, q = 1. What is the greatest common factor of 28 and x?
28
Let i(t) = 7*t + 3. Let j be i(4). Suppose 4*v + 3*r = j, 2*r + 10 = 4*v + v. Let h be (-2 + -38)*(3 - v). Calculate 